
Let a(c) = 21*c**2 - 5. Let n be a(-2). Suppose 323 - n = 2*x. List the prime factors of x.
2, 61
Suppose 0 = -3*l + 2*l + 4. Let d be 168/(-77) + l/22. What are the prime factors of (-70)/(-2) + 2 + d?
5, 7
Let q = -84 - -44. Let x = q - -76. List the prime factors of x.
2, 3
Let g be 3 + (3 - 3) + 4. Suppose 2*s + 2*n - g*n - 107 = 0, 0 = -3*n - 3. List the prime factors of s.
3, 17
Suppose 4*o + 0*o = 5*l - 1600, 0 = -4*l + 3*o + 1280. What are the prime factors of l?
2, 5
Let c = 5359 - 2262. List the prime factors of c.
19, 163
Suppose 48 = 7*q - 36. Suppose 5*g - z - q + 1 = 0, g - 4*z = 6. List the prime factors of g.
2
What are the prime factors of (1 - 3900/48)*-60?
3, 5, 107
Let s be 2 - (-270)/(6/3). Suppose 5*g + 0*v - s = 3*v, -5*g + 145 = -5*v. What are the prime factors of 3/15 - (-1170)/g?
47
Let c be (-1580)/(-16) + (0 - (-3)/12). Let z = c - 57. List the prime factors of z.
2, 3, 7
Suppose 24 = 4*j + 12. Suppose -2*q - 3*o + 136 = 2*q, 2*o = j*q - 119. What are the prime factors of q?
37
Let o(d) = -d**2 + 3*d + 6. Let u be o(6). List the prime factors of 40/3 - u/(-36).
13
Suppose -11*t - 7256 + 62817 = 0. What are the prime factors of t?
5051
Let n be -3 + (-1 - (36 - 4)). Let y = -16 - n. What are the prime factors of y?
2, 5
Suppose -2*k + 29 - 5 = 0. Let q(a) = -a - 3. Let h be q(k). Let g = h - -36. What are the prime factors of g?
3, 7
List the prime factors of ((-2)/(8/127))/(40/(-1120)).
7, 127
Let o be (0 - 2*-2)/(14/553). Suppose -14*n - o = -16*n. List the prime factors of n.
79
Let x be (-2)/8 - 451/(-44). Let n = x + -6. Suppose 0 = -n*t + 20, 5*g - g = -4*t + 80. What are the prime factors of g?
3, 5
Let k = 3109 - 1449. What are the prime factors of k?
2, 5, 83
Suppose -4*v - 158 + 444 = s, -2*s - 5*v = -581. List the prime factors of s.
2, 149
Suppose 0 = n + 3*n. Suppose 5*t = 15, 5*w = t - 3 - n. Suppose 3*b + 2*g - 47 = w, 2*b = 5*g + 8 - 2. List the prime factors of b.
13
Let u(t) = 8*t**2 + 18*t + 60. What are the prime factors of u(-8)?
2, 107
Suppose 0 = -v - 5, 5*t + 7*v - 4705 = 4*v. List the prime factors of t.
2, 59
Let w = 222 - 152. Suppose 0 = 4*q + 21 + 3. Let h = q + w. What are the prime factors of h?
2
Suppose 0 = 7*q - 37 - 33. Suppose q*p - 6*p - 436 = 0. List the prime factors of p.
109
Suppose u - u = -u. Suppose 5*k + 4*y = -u*k + 110, -88 = -4*k + 5*y. List the prime factors of k.
2, 11
Suppose 2*b = 5*u + 25, 2*b + 10*u - 8*u - 4 = 0. Suppose 0 = -4*p + p + 4*t + 747, -2*p + b*t + 505 = 0. List the prime factors of p.
5, 7
Suppose 14644 = 62*q - 55*q. What are the prime factors of q?
2, 523
Suppose 5*u + 5462 = n, 5 = -533*u + 532*u. List the prime factors of n.
5437
Suppose 4*t - 68 = -4*c, -8*c + 43 = 2*t - 3*c. Suppose 8*i = 1042 + t. What are the prime factors of i?
2, 3, 11
Suppose 5*v = 4*q + 657, 504 = 4*v + 7*q - 3*q. Suppose 2*y = v - 15. Let r = y - 40. What are the prime factors of r?
17
Let h(m) = m - 5. Let p(s) = -25*s + 60. Let k(j) = 6*j - 15. Let v(i) = 9*k(i) + 2*p(i). Let g(f) = -14*h(f) + 4*v(f). What are the prime factors of g(11)?
2
Let w(m) = -3 - 2*m**2 + 2 + 3*m + m**3 + 4 - 5. Let n be w(2). Suppose 3*j = n*j - 9. List the prime factors of j.
3
Let k be -272*((-2)/(-8))/((-1)/(-3)). Suppose 2*x - 84 = -0*x. What are the prime factors of x/12*k/(-21)?
2, 17
What are the prime factors of ((-941)/3)/((-100)/24 - -4)?
2, 941
Suppose 2 = -3*u + 2*u. Let h(y) = -2*y**3 - 4*y**2 - 4*y - 2. Let j be h(u). Suppose -j*o - 9 + 81 = 0. What are the prime factors of o?
2, 3
Let p be 2/(-7) + (-2)/(-7). Suppose p = -5*z + 8 + 2. Suppose 3*d - h - 35 = 0, -z*h = -5*d - 6*h + 47. List the prime factors of d.
11
Suppose 5*w + 2356 = 31481. List the prime factors of w.
5, 233
Let w(b) = -3*b + 4*b + 1 + b - 22. Let l(t) = 2*t - 22. Let n(f) = 5*l(f) - 6*w(f). List the prime factors of n(-9).
2, 17
Let y = -250 + 356. What are the prime factors of y?
2, 53
Let w(j) = 0*j - 3*j + 10*j**2 - 2*j - 13 + 16*j**3 - 15*j**3. What are the prime factors of w(-10)?
37
Let x(n) = 0 - 6 + 0*n + n + 0*n. Let l be x(10). Suppose l = -a + 3*a. List the prime factors of a.
2
Let l(d) = -7*d - 52. Let r(u) = -2*u - 17. Let q(h) = 6*l(h) - 17*r(h). What are the prime factors of q(-15)?
97
Let q = 197 + 14. Suppose -d = k + 2*d - 108, 0 = -2*k - d + q. List the prime factors of k.
3, 5, 7
Let a(d) = -d**3 - 2*d**2 - 2. Let f(y) = -5*y + 2. Let l be f(1). What are the prime factors of a(l)?
7
Let h = 744 + -455. List the prime factors of (h/2 - -1) + 9/(-18).
5, 29
Suppose g - 3*v + 16 = -7*v, v + 9 = g. Suppose g*n - 432 = 20. What are the prime factors of n?
113
Let n = -1 - -23. Let y = -19 + n. What are the prime factors of (-3)/(y/96*-3)?
2
Let f = 290 - -718. What are the prime factors of f?
2, 3, 7
Suppose -281 = -25*z + 144. Let l(x) = -x**3 + x**2 + x - 3. Let h be l(0). Let s = z + h. List the prime factors of s.
2, 7
What are the prime factors of (-34755)/(-85) + 6/51?
409
Suppose -n = -4*q + 19, 3 = -2*q + 5*q - 3*n. Suppose -q = i - 1. Let b(o) = -o**3 - 4*o**2 - 4*o + 2. List the prime factors of b(i).
47
Let d be -1*(-2)/6*0. What are the prime factors of (24 - d)/((-21)/(-14))?
2
Let l(r) = -r - 1. Let k(o) = 4*o - 3 + 3*o + 14 + 3*o. Let n(u) = -k(u) - 6*l(u). What are the prime factors of n(-6)?
19
Let a(l) = 2*l**2 - 3*l + 1. Let p be a(3). Let u(i) = i - 2. Let t(d) = -3*d + 5. Let w(b) = 6*t(b) + 21*u(b). List the prime factors of w(p).
2, 3
Let l(x) = -2*x - 2. Let b be l(-3). Let y = b + -26. Let m = 25 - y. What are the prime factors of m?
47
Let s = 209 + -131. Let j be 4/26 - (-144)/s. Suppose 2*i - j = 4. What are the prime factors of i?
3
List the prime factors of 4548/(-10)*4*(-45)/24.
3, 379
Suppose 4*g + 23 = -21. Let p(o) = -19*o. Let k be p(-2). Let v = k + g. List the prime factors of v.
3
Suppose -7*d - 14 = 14. Let h = 51 - d. What are the prime factors of h?
5, 11
Suppose -x + 0*x - t + 237 = 0, 3*t = 0. Suppose -2*r - 152 = -2*s, -3*s + 5*r - 3 = -x. List the prime factors of s.
73
Let h = -50 + 103. Let i(c) = -c**3 - 2*c**2 - 6*c - 8. Let f be i(-3). Let w = h - f. List the prime factors of w.
2, 17
Let r be 16 - (6/(-3) - -6). Suppose 5*h = r*h - 1610. What are the prime factors of h?
2, 5, 23
Let n(i) = 12*i - 3. Let s(v) = -13*v + 4. Let a(y) = 6*n(y) + 5*s(y). List the prime factors of a(5).
37
Let u(i) = -i**2 - 11*i - 13. Let l be u(-9). Let b(t) = 3*t + l - 5*t + t**3 - 11*t**2 - 3 - 7*t. What are the prime factors of b(12)?
2, 19
Let s = 104 + -154. Let l = s - -94. List the prime factors of l.
2, 11
Let q(p) = -p**3 - p**2 + 45*p + 37. What are the prime factors of q(-12)?
23, 47
Let i(x) = -47*x - 18. Let b = -36 - -33. What are the prime factors of i(b)?
3, 41
Suppose 3000 = 4*l - 2652. What are the prime factors of l?
3, 157
Let l = 6261 + -4458. List the prime factors of l.
3, 601
Suppose 5*i = 3*v + 17, 11 = i + 4*v + 26. Let g = 5 + i. Let u = g - 0. What are the prime factors of u?
2, 3
List the prime factors of 1/5 + (-4176)/(-120).
5, 7
Let l(u) = u**3 + 10*u**2 + 7*u + 1. Suppose -6*o - 64 = 2*o. What are the prime factors of l(o)?
73
What are the prime factors of (-2 + (763 - 12))*2/7?
2, 107
Let y = 3 - -1. Suppose -28 = -y*h - 4*j, -h + 19 = -0*h + 4*j. Suppose -k + 121 = h*t, -4*t + 28 = 3*k - 140. List the prime factors of t.
3, 13
Let k = 973 - 109. What are the prime factors of k?
2, 3
Suppose -6 = 5*k - 36. Let z(s) = -188*s + 6. Let q be z(k). List the prime factors of q/(-21) + (-8)/(-14).
2, 3
Let u be (12/(-8) - -3)*-614. Let a = 2006 + u. List the prime factors of (-1)/(-6) + a/42.
2, 13
Let f(a) = 4*a - a**3 - a - 1 + 8*a**2 - 2*a + 0. What are the prime factors of f(6)?
7, 11
Let i = 253 - -205. What are the prime factors of i?
2, 229
Suppose -3*r + 5*y = -10, r = y + 1 + 1. List the prime factors of (8 - 7)*(r + 229).
229
Suppose 2*r + 39 = 49. Suppose 0 = r*n - 9*n + 416. What are the prime factors of n?
2, 13
Suppose -p - 2 = 87. Let d = -46 - p. Suppose 4*i - 53 = d. What are the prime factors of i?
2, 3
Let q be 3 - (-3 + 2)*2. Suppose -4*t + q*t + 282 = 4*g, 2*g - 2*t = 138. List the prime factors of g.
71
Suppose 3*x = -57 + 483. Suppose 3*i - y - 4*y = x, -4*i + 3*y = -204. List the prime factors of i.
2, 3
Lis